3, 19
Let b = 22057 - 12635. List the prime factors of b.
2, 7, 673
Suppose -772200 = -20*o - 14*o - 10*o. What are the prime factors of o?
2, 3, 5, 13
Suppose 0 = -4*h + 2*d - 3794, 4*h + 2*d = -0*d - 3814. Let b = 1459 + h. What are the prime factors of b?
2, 127
Let h(q) = 137*q - 949. List the prime factors of h(32).
3, 5, 229
Suppose 2*s - 30053 - 28587 = -8*s. List the prime factors of s.
2, 733
Let l be -5*(72/(-15))/6. Suppose -l*q = 7 - 15. Suppose -4*r + 5*o + 161 = -202, -2*r + q*o = -184. List the prime factors of r.
97
Let f(o) = 989*o**2 - 13*o + 18. List the prime factors of f(3).
2, 3, 5, 37
Let u be (18 + -3)/3 - 0. Suppose -3*r = 2*l + 12, -u*r + 4*l - 35 - 7 = 0. List the prime factors of -430*2/(r - -2).
5, 43
Let c = 325 - 326. Let a(o) = -839*o**3 + 4*o**2 + 4*o + 1. List the prime factors of a(c).
2, 3, 5, 7
Let v be 11*(-5 + 17) + -5. Let d = v + -97. Suppose -2*p + 43 = -5*r, -d = -5*p - 4*r + r. What are the prime factors of p?
3
Suppose 0 = 3*z + 2*t - 5002, -z + 4*t = 2*t - 1678. Suppose -2*j - j + 2*v = -z, 0 = -5*j - 4*v + 2776. What are the prime factors of j?
2, 139
Let q = 60 + 28. Let y be ((-14)/(-8) - 0) + 22/q. Suppose 5*r = -5*s + 615, 0 = -s - y*s - 5*r + 373. What are the prime factors of s?
11
Suppose -108*o + 120*o = 122328. Suppose -1562 + o = 8*z. What are the prime factors of z?
13, 83
Let g = -4551 + 7087. Suppose 4*s = -404 + g. List the prime factors of s.
13, 41
Suppose g = 105*k - 106*k + 8949, -k + 8973 = -5*g. List the prime factors of k.
7, 1279
Let p be 9 + (-220)/24 + 9211/6. Suppose -p = -4*j + o, 4*j + 3*o + 392 = 5*j. List the prime factors of j.
383
Suppose 6*b - o = 9*b + 13, -b = -o - 1. Let m(u) = 0*u**3 - 8*u - 6 - 3*u**2 + u**2 - u**3 + 4. List the prime factors of m(b).
31
Let o(z) = -2*z**3 + 3*z**2 + z - 3. Let a be o(-2). Suppose 18*j - a*j = 60. What are the prime factors of 3/(-4) - 1485/j?
3, 41
Let s(t) = t**2 - t + 2. Let z(k) = -268*k**2 + 3*k + 1. Let r(v) = 3*s(v) - z(v). What are the prime factors of r(1)?
2, 3, 5
Let x(s) = 14*s**2 + 12*s + 123. Let b be x(25). Suppose -b = 20*z - 22953. List the prime factors of z.
13, 53
Let p(i) be the first derivative of -4*i**2 - 16 - 6*i - 2*i**3 - 1/4*i**4. What are the prime factors of p(-5)?
3
Let r(q) = -22*q**2 + 2*q. Let n be r(-1). What are the prime factors of (-168)/n - 31*-3?
2, 5
Let r(o) = 6941*o - 800. What are the prime factors of r(7)?
3, 17, 937
Let s be (-34)/119 - (-16)/7. Suppose 5*c - 335 = -s*p, 3*p + c = 5*c + 514. What are the prime factors of p?
2, 5, 17
Let i be (192/(-4))/(((-10)/41)/5). Suppose j - 2*f = 309 + 12, -i = -3*j - f. List the prime factors of j.
3, 109
Let d be (1*-3)/((-12)/(-8)). Let n(s) = 435 - 30*s - 875 + 429. What are the prime factors of n(d)?
7
Let u(i) = i**3 + 6*i**2 - 18*i - 2. Let n be u(-8). Suppose -3*w = -n - 1. Suppose q = -q + 2*v + 368, 0 = q - w*v - 200. What are the prime factors of q?
2, 3, 5
Let z be -1 + -159 + (-5 - 0). Let r = z - -176. List the prime factors of r.
11
Let z be 156/(-8)*(-12)/(-18). Let b = z - -404. List the prime factors of b.
17, 23
Suppose y - 6*y = -3*z + 95, 4*z = -20. What are the prime factors of y/(-55) - 1673/(-5)?
5, 67
Let g = -154 - -88. Let r = 58 + g. Let s(n) = n**3 + 8*n**2 - 21*n - 12. What are the prime factors of s(r)?
2, 3, 13
Let x = -143 + 148. Suppose -3*z = -x*z + 2, 2011 = 5*l - 4*z. List the prime factors of l.
13, 31
Let f be (-11)/(1*-4*(-9)/108). Let n = f - -32. List the prime factors of (-1)/3 + (-2130)/(-18) + n.
3, 13
Let f = -1870 - -1874. Suppose -376 + 1161 = 5*d. Suppose 0 = f*x - d - 47. What are the prime factors of x?
3, 17
Suppose -182*v + 706639 = -69*v + 84*v. What are the prime factors of v?
17, 211
Let w(s) be the first derivative of -8*s**2 - 8*s - 22. Let n be w(2). What are the prime factors of (-5016)/n - (-9)/15?
2, 3, 7
Let h(t) = -15*t + 180. Suppose 0 = 2*k - k - 3, -5*x - 5*k = -60. What are the prime factors of h(x)?
3, 5
Suppose -8*r - 438150 = -22*s - 13*r, s + 4*r = 19931. List the prime factors of s.
5, 7, 569
Let w = -96 + 93. Let h be (w - (-3 - 0)) + 2. List the prime factors of (58/h)/(5/25).
5, 29
Suppose 30 = -8*r + 18*r. Suppose r*w - 2064 - 2022 = 0. What are the prime factors of w?
2, 3, 227
What are the prime factors of (-1 - -58156 - 1)*(-138 - -139)?
2, 29077
Let y = -55 + 145. Let b = 224 + -249. List the prime factors of 4/10 - y/b.
2
List the prime factors of 3 + -11 - 55/((-715)/276458).
2, 3, 1181
Suppose 0 = -3*y + 10*y - 10878. Let n be (1/(-3))/((-7)/y). Let s = 6 + n. What are the prime factors of s?
2, 5
Let h(t) = 25*t + 59. Let g be h(-2). Suppose 2259 + 657 = g*m. What are the prime factors of m?
2, 3
Let l(f) = -2*f**2 - 736*f - 45. What are the prime factors of l(-52)?
37, 887
Suppose 0*x - 3*x + 7368 = -0*x. What are the prime factors of x?
2, 307
Suppose -f + 4*r + 11 = 0, -5*f = -f - 5*r - 77. Suppose 7589 = f*q - 5498. List the prime factors of q.
569
Suppose 34256 = 5*c - 2*x, x + 34258 = 4*c + c. What are the prime factors of c?
2, 3, 571
List the prime factors of (-36)/27 + 16576/21.
2, 197
Suppose -3*t - g = -9, 2*g + 4 = t + 1. Suppose -2*l - 14 = -t*n - n, -4 = 2*l + n. What are the prime factors of (l/5)/(4/(-300))?
3, 5
Let b(g) be the third derivative of g**6/60 + 2*g**5/5 - 17*g**4/24 - 13*g**3/6 - 5*g**2 + 6. What are the prime factors of b(-12)?
191
Let k(z) = -1200*z - 6. What are the prime factors of k(-47)?
2, 3, 13, 241
Suppose 9*m - 8 = 7*m - 2*v, 5*m - 2*v + 8 = 0. Suppose m = 13*z - 16*z + 102. List the prime factors of z.
2, 17
Let l = 94616 + -57067. List the prime factors of l.
37549
Suppose -3*s - 100 = -79. Let j be (-3)/6*(-19 - s). Suppose j*d - 2*g = 4*d - 2, -2*d + 22 = 4*g. List the prime factors of d.
3
Let i = -23558 - -50440. What are the prime factors of i?
2, 13441
Let d(v) = 35*v - 137. Let u be d(4). Suppose -u*m + 2727 = 3*s, 5*m = -34*s + 37*s - 2687. What are the prime factors of s?
2, 113
Let t(a) = -11689*a**3 - 6*a**2 - 2*a + 3. List the prime factors of t(-1).
2, 3, 487
Suppose -17*o + 6*o = -81873. Suppose o + 13521 = 12*j. List the prime factors of j.
1747
Suppose 4*l - 2*r = 14644, 81*l - 76*l + 4*r = 18305. What are the prime factors of l?
7, 523
Let s(h) = 7*h**2 - 10*h - 1. Let d be s(9). Let y be (-7)/14 - (-13)/2. Suppose -y*w + d = -154. What are the prime factors of w?
3, 5, 7
Suppose 204264 = 18*b + 42390. What are the prime factors of b?
17, 23
Let x(n) = -14*n - 27. Let y be x(12). Let w = y + 93. What are the prime factors of ((-90)/4)/(17/w)?
3, 5
Suppose 205*s - 771813 + 116428 = 0. What are the prime factors of s?
23, 139
List the prime factors of (-1 - 41878/(-6)) + (-464)/48 + 9.
2, 3, 1163
Suppose 3*z + 348 = 5*b + 27, -2*b = -5*z - 136. List the prime factors of b.
3, 7
Let n(r) = 285*r + 52. Let a be n(4). Let d = a - 619. List the prime factors of d.
3, 191
Let h = -63 - -21. Let j = -1071 + 1118. Let q = h + j. List the prime factors of q.
5
Suppose -5 = 3*h - 20. Suppose 0*r - 161 = -3*r - 4*q, h*q - 61 = -r. Let x = r + 10. List the prime factors of x.
61
Let h(c) = -c**3 + 4*c**2 - 12*c + 2. Let g(s) = 2*s**3 - 3*s**2 + 11*s - 2. Let a(u) = 7*g(u) + 6*h(u). What are the prime factors of a(3)?
2
Let d be 0*2/2 - -3. Let z(f) = -65*f + 1735. Let a be z(27). List the prime factors of 14/(-21) - a/d.
2, 3
Let x be 12150/(-105) - (-2)/(-7). List the prime factors of 2/4*4/(-8)*x.
29
Let i = -1537 + 4582. List the prime factors of i.
3, 5, 7, 29
Let w(b) be the second derivative of 7*b**4/6 + 5*b**3/6 + 31*b**2/2 - 35*b - 2. List the prime factors of w(-5).
2, 89
Let a(d) = -4*d**2 - 23*d + 10. Let o be a(-6). Suppose -2*p + 5*p = k + 710, 0 = -o*p - k + 935. List the prime factors of p.
5, 47
Let r = 9 + 21. Let t be (11 - 30) + (-5)/1. Let m = r - t. List the prime factors of m.
2, 3
Let w(q) be the third derivative of 0*q + 22*q**2 - 5/6*q**3 + 0 - 9/8*q**4. What are the prime factors of w(-5)?
2, 5, 13
Suppose -110*m - 53*m + 1870914 = 0. List the prime factors of m.
2, 3, 1913
What are the prime factors of 0 + 2 + (6956 - 4/(-12)*-18)?
2, 11, 79
What are the prime factors of (-322)/((-5484)/228 - -24)?
2, 7, 19, 23
Let z = 89 + -87. Suppose z*v + 5*o = -3*v + 2670, -3*o = -4*v + 2164. L